- 2 - (-22 - -26)).
15
20 - (-9 - -16 - -8)
5
Calculate 12 + (3 + -11 - 2).
2
Calculate 4 + 2 + (-3 - (2 + 0 + -8)).
9
What is the value of (28 - (-16 + 25)) + -23?
-4
What is (11 - -3) + (-10 - (-4 - 2))?
10
3 - (36 - 17) - -14
-2
What is -2 + 22 + -19 + (0 - 2)?
-1
Calculate (15 - 10) + 3 + (0 - -3).
11
What is the value of (160 - 149) + -3 + 1 - 18?
-9
What is 4 + 11 + (-23 - -2)?
-6
Evaluate 30 + -37 - (38 + -44).
-1
Calculate (-10 + 17 - 16) + 0.
-9
Evaluate -48 - -42 - (8 + -2).
-12
Evaluate 13 + (-23 - -6 - -14).
10
Evaluate 6 + -3 + 2 + 3 + -10 + 9.
7
What is 24 + (0 - 25) - -10?
9
Calculate (13 - 6) + -3 + 3.
7
Calculate (-20 + 13 - -14) + 1.
8
Calculate 1 - (3 - (-9 + 2 + 16)).
7
Evaluate 15 - (-3 + (9 - -5)).
4
33 - (36 - (5 - -24))
26
Calculate -10 + (48 - 2) - (7 - -7).
22
What is 12 + (7 - 46) + 54?
27
What is the value of (-16 - 0) + (115 - 107)?
-8
Calculate (9 - (-1 - -15)) + -5.
-10
What is the value of (-1 - -2) + 2 + -1 - (-385 + 375)?
12
Evaluate 21 + -20 + 17 + (7 - 14).
11
Evaluate (-2 + 33 - 3) + (35 - 11) + -22.
30
What is (-5 - (0 - 5)) + -5 + 19?
14
Calculate (-11 - -22 - -6) + -32.
-15
What is 17 - (30 + (-7 - 1))?
-5
Evaluate 20 + 3 + (-11 - (-17 + 7)) + 0.
22
7 + (4 - 23) + 40 + (3 - -9)
40
-4 - (1 + (0 - 1) - (-7 + 10))
-1
Calculate -27 - (10 + -28 + 42 + -18).
-33
Calculate -9 - (18 + -6 - 29).
8
Evaluate 11 - 17 - (-2 - (4 - (1 + 3))).
-4
Calculate -10 + -10 + 21 - -3 - 8 - -36.
32
Evaluate -15 + 7 - -29 - (-3 + -8).
32
(13 - (2 + -1)) + (-146 + 110 - -32)
8
What is -3 - (-6 + (-2 - (4 + -9)) + 0)?
0
What is (19 - 13 - 7) + -4?
-5
Calculate -14 + 2 + -33 + 27.
-18
Calculate (13 - 16) + -3 + 3.
-3
Evaluate -13 + 25 + 1 - 30.
-17
-10 - -10 - (-5 + 14 - 8)
-1
What is the value of 15 - -4 - (-5 + 31)?
-7
What is 13 - ((63 - -2) + -34 + 19)?
-37
-23 + (6 - (4 - 1)) + (7 - 5)
-18
Evaluate 1 + 3 + 180 + -174 + (3 - -5).
18
What is the value of 5 + 36 + -28 + (-9 - 1)?
3
What is the value of 9 - (-22 - (-23 + -17))?
-9
Evaluate (12 - 1) + -4 + (-9 - -13).
11
Evaluate 1 + -14 - (-429 + 431).
-15
Calculate -32 + 32 + -2 + -13 - 4.
-19
(26 - 19) + (-15 - 2) + 4
-6
13 + -10 + (6 + -2 - 57) - -11
-39
What is (-31 - (-6 + -18)) + -7 + 1?
-13
What is 7 - (8 + -2 - 7)?
8
25 + (-15 + (6 - 3) - -2)
15
Evaluate (5 - 12) + 12 - 9.
-4
(3 - 6) + -179 + 178
-4
Evaluate (18 - 40 - -7) + 23.
8
Calculate -6 + -9 + 19 - -9.
13
What is (-7 - -7) + 1 + (-11 - (-2 - -6))?
-14
What is -9 + -16 + 16 + 13?
4
What is the value of 25 + 1 + -11 + -3?
12
What is the value of 8 - (49 + -46 - (1 - 0))?
6
Calculate -22 + 23 - (-1 - 12) - 7 - -8.
15
What is 22 + 3 + -3 + 3 + (24 - 26)?
23
Calculate -53 + (-28 - -54) + 33.
6
-174 + 200 + 1 + -39
-12
(7 - -2 - (50 - 5)) + 7 + 1
-28
Calculate 295 - 281 - (-1 + (3 - 5)).
17
What is -33 + (28 - 64) + 40?
-29
Calculate -12 + (-13 - -4 - -12).
-9
What is the value of 0 - 10 - (56 + (-26 - 37))?
-3
What is 1 + -18 + (-5 - -17)?
-5
4 + (-4 - (5 - (14 + -5))) + 2
6
Evaluate (-7 - -1 - (14 + -6 - 22)) + 1.
9
What is the value of 11 + -1 + (-11 + 2 - -12 - -2)?
15
What is the value of 0 + 12 - (-21 - 7 - -31)?
9
(53 - -9 - 8) + -27
27
Calculate -6 + (3 - 6) + (6 - 1) + 3.
-1
42 + -9 - (70 - 51)
14
Calculate 1 + 21 - (262 + -242).
2
What is the value of 16 + 26 + -27 + 3?
18
Evaluate -426 - -421 - (6 + -4 - (21 - 0)).
14
What is 1 + 24 - (-10 + 26 - 19)?
28
Calculate (-30 - -20) + (8 - -4).
2
What is 34 - (0 - (-3 + (1 - 9) + 4))?
27
0 + -2 + -25 + 3 + 22
-2
Evaluate 0 - (-12 + 8 - 5) - 12.
-3
Evaluate -2 + (14 - 3) - (-1 - 1).
11
What is the value of (-14 - 0 - (-12 - -3)) + -5?
-10
Calculate (3 + 8 + -7 - 13) + 1 + 4.
-4
Calculate 6 + 2 - 12 - (-1 + 2) - -13.
8
Calculate -17 + 20 + -28 + 21.
-4
What is (-2 - -17) + (-176 - -191)?
30
What is (-11 - -16) + -15 - (-1 + (-10 - -7))?
-6
Evaluate -29 - (-19 + 18 - 19).
-9
Evaluate -46 + 21 + 16 + (-1 - -20).
10
Evaluate 1 - (-6 + 9) - (0 - 5) - 6.
-3
Evaluate -24 + 18 + (7 - 10).
-9
Calculate -1 - (-38 + 43) - (-1 + 32) - -9.
-28
Evaluate 1 - ((10 - -5) + -15).
1
What is the value of -22 + -14 + 31 + (4 - 1)?
-2
What is (2 - -2) + (-19 + 6 - 5)?
-14
What is (-4 - 2) + -6 + -22 + 19?
-15
Evaluate 5 - (-22 - -7 - -5).
15
What is -5 - -35 - 14 - 5?
11
What is -12 - (4 + -18 - -11)?
-9
(-51 - (-27 + 31)) + 29
-26
What is the value of 8 + (-14 + 29 - 29)?
-6
Calculate -8 - (-1 + -17 + (-3 - (-4 - 6))).
3
What is the value of 14 + (-13 - (-15 + 2 - -17))?
-3
Calculate -5 - (2 + -8 + 1 + 3) - -6.
3
What is (30 - 13) + -13 - 15?
-11
What is the value of -6 - (-1 - 4) - (-16 - -12)?
3
(1 + 1 - 1) + -15 + 21 + -18
-11
What is the value of (2 - -1) + -6 - (21 + -41 + 23)?
-6
(1 - -8) + 74 + -79 - -6 - -4
14
What is the value of (-13 + 8 - 3) + 8 - 9?
-9
1 + 5 + (-2 - (-3 - -6)) + -1
0
-13 - (10 + 4 - (-27 - -53))
-1
What is 26 - (10 + 8 + 14)?
-6
Calculate -5 - 0 - 1 - (-74 + 21 - -26).
21
Calculate 397 + -375 - (-1 + -7).
30
What is the value of 8 + 9 + -4 + -20 + 26?
19
What is -3 + 13 - (22 + -23)?
11
Calculate -34 - (13 + -10 - 26).
-11
What is 10 - ((37 - (11 + 0)) + -8)?
-8
Calculate -1 + 2 - (6 + -11 - 6).
12
Evaluate -3 + (9 - (6 + -3)) - 7.
-4
What is the value of -20 + 2 + 3 + 8 + 3?
-4
-58 + (10 - -12) + 58
22
Calculate -8 - ((4 - 3) + -5 + -4 - 1).
1
Evaluate -38 + -1 + 2 + 1 + 8.
-28
What is the value of 5 + -14 - -5 - (1 - (3 - 3))?
-5
Evaluate 29 - (5 + 12) - (2 + 8).
2
Evaluate -7 + (-10 - -20) + 5 - 6 - 29.
-27
Evaluate (4 - -7) + -4 + (-3 - -1).
5
What is -10 + -2 + (-40 - -73)?
21
-3 + (-16 - (-11 + (4 - 4))) + -22
-30
Calculate -371 + 387 + 0 + -26.
-10
What is the value of 12 - (3 - 3) - (17 - 19)?
14
What is the value of 7 + (4 - -9 - 20)?
0
Evaluate (2 - 9) + 20 - (13 - 20).
20
What is (-8 + -6 - -18) + 12?
16
What is the value of 3 + (-8 - -29 - 4)?
20
What is (1 - -58) + (-26 - 15)?
18
6 + 28 + (-43 - 13)
-22
-97 - -92 - (4 + (0 - -1))
-10
What is the value of 378 + -355 + 2 + -11?
14
Calculate -1 - 5 - (-4 - 1).
-1
Evaluate (-1 + 1 - (-15 - -8)) + (5 - 2).
10
Evaluate 4 - ((185 - 198) + 5 + (0 - 2)).
14
Calculate 6 - 9 - -3 - (19 + -2) - 1.
-18
Evaluate -4 - (-5 - (20 - 16)).
5
What is the value of -20 + 21 + 16 + -37?
-20
What is -2 - (2 + -3) - (-12 + -15 + 7)?
19
What is the value of -7 + 0 - (-21 - 1 - (106 + -106))?
15
What is the value of 5 + 5 + 2 + -26 + 6?
-8
Evaluate (1 - 1 - 8) + 483 + -465.
10
What is -4 - (9 + (9 - -11)) - 0?
-33
Evaluate (0 - (-5 - 4 - 7)) + -15.
1
What is -35 + 0 - ((4 - -11) + (-42 - -19))?
-27
Evaluate (9 - (23 - 10)) + (-3 - (3 - 33)).
23
(-37 - -14) + 24 - (-4 + 1)
4
What is -2 + 1 + (305 - 299)?
5
Evaluate -1 + -23 + 522 + -515.
-17
-17 - (-26 + 41 + -7)
-25
Evaluate -89 + 87 + (0 - -10) - (3 + 0).
5
(35 - 26) + -26 - -1
-16
What is the value of (-10 - (3 + -2 + -12)) + 2?
3
Evaluate -11 + 22 + -19 + -2.
-10
Calculate -29 + 18 + (13 - 15).
-13
Calculate -57 + 36 - -23 - (-4 + 1).
5
Calculate (84 - 74 - (-1 - -11) - 6) + 16.
10
-157 + 165 + -24 + 1 + -9
-24
Evaluate 20 + (-2 - (-12 + (-2 - -8))) + -7.
17
What is (-15 + -14 + 23 - (-30 + -7)) + -4?
27
What is the value of -10 + 18 - 13 - (3 - (4 + 3))?
-1
Calculate 2 + 2 - (-23 + -4 - -46).
-15
(-110 - -114) + (-1 - -3)
6
What is the value of -9 + -6 + (3 - (1 + -5))?
-8
What is the value of 18 - ((6 - 5) + (2 - (9 + -3)))?
21
Calculate -554 - -553 - (19 - (1 + 0)).
-19
Calculate 2 - (-3 + 1 + (-12 + 7 - -6)).
3
Calculate (-9 - -17) + -2 + 2 + -2.
6
Evaluate 0 + (7 - (12 - (6 + 16))).
17
Evaluate -6 - (2 + -18 + 12 + -11).
9
Calculate 20 + 3 + -5 - 13.
5
Evaluate 44 + 11 - 34 - (0 + 13).
8
What is (-2 - 4) + (54 - 42) - 28?
-22
Calculate (50 - 26 - 20) + 9.
13
Calculate 8 + (2 + 2 - (-6 - -1 - -4)).
13
What is the value of (-101 - -58 - -29) + 1 + -3?
-16
(-1 - 6) + 51 + -14 + -10
20
Calculate (-4 - (2 - 23)) + (-15 - -9) + 4.
15
What is the value of 93 - 90 - (0 + 8 + 26)?
-31
Evaluate 0 - 7 - ((3 - 0) + 3).
-13
Evaluate (5 - -1) + (10 - 11) + 0 + -4.
1
What is (15 - 14) + (2 - ((0 - 3) + 0))?
6
What is 14 - (22 - (13 - -4))?
9
What is the value of (-3 - 34) + (235 - 222)?
-24
-37 + (4 - 2) - (254 + -260)
-29
Calculate -16 + -14 + 16 - -17.
3
Evaluate -8 - (3 + (8 - 1)) - -2.
-16
What is the value of -1 + -5 + -2 + (94 - 81)?
5
Evaluate 14 + -10 - 16 - -15.
3
Eva